) - 5*z(v). Determine h(-3).
11
Let j(f) = -2*f**2 + 7*f + 43. Let p(b) = b**2 - 3*b - 20. Let c(y) = 6*j(y) + 13*p(y). Give c(2).
8
Let x(j) = -j - 4. Let d = -108 + 74. Let z = 44 + d. Determine x(z).
-14
Let h(z) = z**2 + 11*z - 17. Let s(t) = -t**2 + 16*t - 27. Let c be s(15). What is h(c)?
-5
Suppose s - 30 = -4*s. Suppose -s*n + 0 = 6. Let i(m) = 4*m + 1 + 0*m + 0. Determine i(n).
-3
Let l = 1 - -2. Let x(s) = -5*s**2 - 4*s + 9. Let y = 11 - 18. Let v(m) = -2*m**2 - 2*m + 4. Let q(t) = y*v(t) + 3*x(t). Determine q(l).
-4
Let o(g) = g - 24. Let d be o(26). Suppose -d*p = -4*y + 6*y, -5*p - 4 = y. Let u(s) = 6*s**3 + s + 1. Calculate u(p).
-6
Let g(o) = o - 2. Let w be g(4). Suppose 0 = w*z + 2*z. Let r(f) = 19*f - 1 - 21*f - 7*f**3 + z*f**3. Give r(-1).
8
Suppose -4*q + 4 = -5*q. Let c be (q/12)/((-1)/15). Suppose -3*l = a - c, -6*l + 4 = -2*l. Let f(s) = 3*s - 1. Determine f(a).
5
Let g(u) be the second derivative of 1/20*u**5 + 1/2*u**3 + 0 - 18*u + 2*u**2 + 1/3*u**4. What is g(-3)?
4
Let v(b) be the third derivative of -b**5/60 + 5*b**4/8 + 13*b**3/6 + 478*b**2 + b. What is v(11)?
57
Let c(p) be the third derivative of p**6/120 - p**5/20 - p**4/12 + p**3/3 - 5*p**2 + 2*p. Give c(-2).
-14
Let n be 6*(2 - (-15)/(-6)). Let d be (-1 - -2)*(-2 - n). Let h(q) = -q**3 - q**2 + q - 1. Determine h(d).
-2
Let b = -26 - -29. Let s(d) = -3 - 3*d**b + 5 + 0*d**3 + 2*d**3. Determine s(0).
2
Let w(c) = 0 + 4 + 74*c + 5 - 70*c. Give w(0).
9
Let r(z) = z**3 - 4*z**2 - 3. Let w be r(4). Let g be w/(-4)*(1 + -5). Let m(x) = -x**2 + 1. Let p(u) = -u**2 + 2*u + 1. Let l(s) = -3*m(s) + 2*p(s). Give l(g).
-4
Let z(o) be the second derivative of 0 + 7*o + 1/6*o**4 - 3/20*o**5 - 1/2*o**2 + 0*o**3. Calculate z(1).
-2
Let u(c) = 12 - 9*c - c + c**2 - c. Suppose -11*i - 9 = -12*i. Determine u(i).
-6
Let a(k) = -4*k**3 + k**2 - k. Suppose -15 = 5*j + 3*y - 1, 5*j + 5*y + 10 = 0. Let s be (3*(-2)/(2 - j))/(-1). Give a(s).
-4
Let b = -138 - -137. Let s(n) = -23*n**3 + n. Calculate s(b).
22
Let j(s) = -s**2 - 3*s + 1. Let d be j(-3). Let h(l) = -3*l**2 + 10*l + 7. Let x(p) = p**2 - 3*p - 2. Let f(i) = -2*h(i) - 7*x(i). Determine f(d).
0
Let y(d) = d**3 + 6*d**2 + 2*d - 6. Let j(v) = 1 - 16*v + 6*v + 11*v. Let a(s) = -5*j(s) - y(s). What is a(-5)?
11
Let m(h) = -10*h - 13. Let f be m(-3). Let q(p) = p. Let k(s) = 3*s + 1. Let d(i) = f*q(i) - 6*k(i). Calculate d(-5).
-1
Let c be (-14)/(-5) - (72/(-30))/12. Let t(s) = -s + 2. Let n be t(0). Let y(g) = g**3 - 1 - g**3 - 2*g**n + g**3 - 3*g. Give y(c).
-1
Let o(r) be the second derivative of 20*r + 1/6*r**3 + 0 - r**2. What is o(-2)?
-4
Let w be ((-6)/4)/((-1)/4). Let i(j) = -w*j**2 + 4 - 2*j + 4*j**2 - 3*j. Suppose 2*b = -4*z - 14, 3*z + 5 = -3*b - 4. What is i(z)?
-8
Let u = -2 + 1. Let q(o) = -5*o**3 - 4*o - 2*o**3 + 3*o - 11*o**3 + 4*o**3. Give q(u).
15
Suppose 0 = c - 0*c - 2. Let d be (-57)/(-12) + c/8. Let z(n) = -n - 6. Calculate z(d).
-11
Let a(w) be the second derivative of w**6/360 + w**5/60 + w**4/8 + 2*w**3/3 + 15*w. Let o(b) be the second derivative of a(b). Determine o(-3).
6
Let h(z) = -z**3 + 9*z**2 + z - 8. Let u(d) = -3*d**3 + 21*d**2 + d + 2. Let y be u(7). Determine h(y).
1
Suppose -o + 13 = 5*f, -2*o + 4*o - 5*f = -34. Let q(l) = l + 2. What is q(o)?
-5
Let h(d) be the third derivative of 7/6*d**3 - 9*d**2 + 0*d + 1/24*d**4 + 0. What is h(-5)?
2
Let z(d) = -5*d**2 + 32*d + 8. Let k(f) = 2*f**2 - 15*f - 4. Let r(n) = 7*k(n) + 3*z(n). What is r(-7)?
10
Suppose 35*p + 264 = 101*p. Let l(a) = -a**3 + 5*a**2 - a - 5. Calculate l(p).
7
Let y(h) = h + 4. Suppose 0 = u - 5*u - 20. Let t(l) = -l - 3. Let o be t(u). Suppose 3*v = -3, -2*n - 3*v = o*n - 9. Give y(n).
7
Suppose 3*q - q = 2*l + 2, -5*l - 2 = -4*q. Let s(f) = 1 + 0*f**3 + 3*f + 118*f**2 - 123*f**2 - f**q. Let d be (-3 + 20/8)*10. Determine s(d).
-14
Suppose -g + 2*g - 17 = 3*w, 4*g - 2*w - 18 = 0. Let j(c) = 0 - 3 - g - c**2 + 1 + 5*c. Let u be j(5). Let r(a) = a - 2. Give r(u).
-6
Let v(k) be the third derivative of k**4/24 + 5*k**3/3 + 102*k**2. Give v(7).
17
Let r(c) be the third derivative of -3*c**6/20 + c**5/60 + c**4/12 + c**3/3 + 45*c**2. Determine r(-1).
19
Let h be 6/(-2) + 7 + -9 + 5. Let l(o) = -o**3 - o**2 - 13. Calculate l(h).
-13
Let i(p) = -4*p - 1. Let j = 506 - 516. Calculate i(j).
39
Let t = 5 - 16. Let m(o) = -10*o - 21. Let h(p) = -7*p - 13. Let v(q) = -7*h(q) + 5*m(q). Calculate v(t).
-3
Suppose 0 = -3*z - 2*g + 3, -4*z - 2 = -3*g - 6. Let u(d) = -17*d + z + 34*d - 14*d. Give u(3).
10
Let y(k) = 0*k - 1 - 2*k**3 - k**2 + 2 + k. Suppose 739*z = -1009 + 270. Give y(z).
1
Let l(d) be the third derivative of d**5/60 - 3*d**4/8 - 2*d**3 - 68*d**2. Determine l(10).
-2
Let j be ((-6)/(-4))/((-3)/(-6)). Suppose -2*h + h + 17 = 0. Let i(f) = -2*f - 26 + h + 10. Determine i(j).
-5
Suppose 61*n - 41 = 3*m + 57*n, 0 = 2*m + 2*n + 4. Let q(k) = 2*k + 22. Calculate q(m).
8
Let h(a) = -24*a + 0 + 52*a - 5 - 27*a. Determine h(10).
5
Let x(d) = -2*d**2 + 2*d + 3. Let h be 28/(-10) - -2 - (-24)/5. Calculate x(h).
-21
Let z be 5 + (-2)/(-7 + 3 + 6). Let h(q) = -2*q**2 + 4*q - 3. Calculate h(z).
-19
Let o(h) = -h**2 - 3*h + 6. Let f be o(-4). Let n(p) = 6*p**f + p**3 + 2*p - 53 - 6*p - 2*p**3 + 50. Calculate n(5).
2
Let t(d) = 5*d**3 - 6*d + 3 + 0 + 5*d**2 - 4*d**3. Let z(u) = -2*u - 6*u + 5 - 3 - 1 + u**2. Let g be z(7). Determine t(g).
3
Let z(p) be the third derivative of -p**7/2520 - p**6/240 + p**5/24 - p**4/4 + 5*p**2. Let v(c) be the second derivative of z(c). Determine v(-4).
1
Let f(a) = -3*a**3 - 7*a**2 + 8. Let v(l) = -7*l**3 - 14*l**2 - l + 17. Let c be ((-4)/5)/((-13)/65). Let i(z) = c*v(z) - 9*f(z). What is i(6)?
8
Let y(s) = s**3 - 3*s. Let d be y(2). Suppose -d*p + t - 11 = 0, 0 = 4*p + t + 4 + 3. Let g(o) = -o**2 - o**3 + o - 2*o**2 + o**2. Determine g(p).
6
Let s(h) be the second derivative of h**3/2 - 7*h**2/2 + 318*h. Give s(7).
14
Suppose 4*w + 3*s - 3 = 0, -4*w - 12*s = -8*s. Let v(x) = -5*x**2 - 10*x - 4. Let m(q) = 4*q**2 + 9*q + 4. Let d(p) = 6*m(p) + 5*v(p). Determine d(w).
7
Suppose 0*f + 45 = 5*f. Suppose -f = -5*j + 1. Let v(z) = 9*z**3 + 4*z**j - 8*z**3 - 7 + 3*z**2. Calculate v(-7).
-7
Let k(h) = 11*h**2 + 12. Let p(f) = 20*f**2 + 22. Let x(r) = -11*k(r) + 6*p(r). Determine x(2).
-4
Let c be (-908)/(-36) - (-8)/(-36). Let l = c + -26. Let y(x) = -x + 1. Give y(l).
2
Let d(i) = 6*i**2 - 4*i - 24. Let b(s) = -5*s**2 + 5*s + 22. Let z(f) = -7*b(f) - 6*d(f). Determine z(-9).
8
Let x(h) = h**2 - 18*h - 6. Let f be (-4 + 2)/(6/(-54)). Calculate x(f).
-6
Let i = 36 - 24. Suppose -175*p + i = -179*p. Let u(r) = 2*r**2 + r - 1. Give u(p).
14
Let j(r) = r**3 + 19*r**2 - 18*r + 20. Suppose -25*k + 49*k + 480 = 0. What is j(k)?
-20
Let k(i) = 2*i**2 - 17*i - 21. Suppose -5*m - 5*b + 70 = 0, -16*m + 12*m = b - 44. Give k(m).
9
Let w be 5*1 - (-3 - -9). Let x be (-240)/32 + 5/2 + w. Let l(s) = 8 + 5*s - 4*s + 2*s. Calculate l(x).
-10
Let c(r) = -7*r - 5. Let l(u) = -39*u - 37. Let d(z) = 13*z + 12. Let f(o) = 7*d(o) + 2*l(o). Let x(g) = -11*c(g) - 6*f(g). What is x(-4)?
-1
Let n be ((-64)/(-5))/((-6)/(-15)). Let h(p) = 26 - p + n - 48. Determine h(0).
10
Let v(l) = 42*l - 4. Let g(i) = -19*i + 2. Let n(h) = 9*g(h) + 4*v(h). Give n(-6).
20
Suppose -4*g + 14 = 2*o, o = -2*g - 3*o + 10. Let q(u) = u**g - 3*u - 13*u + 19*u - 6*u**2 + 2. Calculate q(5).
-8
Let k(s) be the first derivative of -s**2 - 21*s - 258. Give k(0).
-21
Suppose 4*z = -109 + 149. Let x(p) = -p**3 + 11*p**2 - 8*p - 14. Give x(z).
6
Let w(m) = -m + 4. Let o = -35 + 12. Let k = -25 - o. Let h be -5*k*(-6)/(-20). Give w(h).
1
Let s(t) = -3*t + 1. Let a = 61 - 43. Suppose -16*u + a = -10*u. Calculate s(u).
-8
Suppose 2*c + 1 + 39 = 0. Let q be 12/c*5/(-1). Let m(a) = -q*a + 5*a**2 - 6*a**2 + 3*a**3 - 3 + 2*a**2 - 2*a**3. Determine m(-2).
-1
Suppose -29 = -5*y + n, -95*n + 12 = -98*n. Let w(v) = -3*v + 14. Determine w(y).
-1
Let v = -516 - -519. Let f(y) = -y + 6. What is f(v)?
3
Let u(k) = -14*k - 1. Suppose -2*w = 2*w + 12. Let x(b) = -3*b - 6 - 2*b + 6. Let p(g) = w*u(g) + 8*x(g). What is p(5)?
13
Suppose -2*y = 2951 - 2965. Let g(b) = b**3 - 5*b**2 - 9*b - 10. Calculate g(y).
25
Suppose 4 = 4*g, 5*v - 10 - 3 = 2*g. Let w = v - 9. Let j(f) = 3*f**2 - 5*f + 10.